 common divisor of 69 and 9.
3
Calculate the highest common divisor of 338 and 52.
26
What is the greatest common divisor of 6 and 2799?
3
What is the highest common factor of 602 and 1333?
43
What is the greatest common divisor of 156 and 208?
52
What is the highest common factor of 323 and 76?
19
Calculate the highest common divisor of 89 and 2759.
89
Calculate the highest common factor of 96 and 224.
32
What is the highest common factor of 62 and 12431?
31
What is the greatest common divisor of 2941 and 5017?
173
Calculate the greatest common divisor of 184 and 23.
23
What is the greatest common factor of 2296 and 84?
28
What is the highest common divisor of 9 and 3582?
9
What is the greatest common divisor of 56 and 196?
28
Calculate the highest common factor of 3 and 1647.
3
What is the greatest common factor of 33 and 429?
33
What is the highest common divisor of 21 and 1421?
7
What is the highest common divisor of 684 and 168?
12
What is the highest common factor of 9590 and 140?
70
Calculate the greatest common divisor of 26 and 1066.
26
What is the greatest common divisor of 209 and 8683?
19
What is the highest common divisor of 192 and 1536?
192
Calculate the highest common factor of 1002 and 54.
6
Calculate the greatest common divisor of 2961 and 63.
63
What is the highest common factor of 592 and 111?
37
Calculate the greatest common divisor of 36 and 26694.
18
What is the highest common factor of 291 and 72?
3
Calculate the greatest common factor of 50 and 20.
10
Calculate the highest common factor of 1476 and 1353.
123
What is the highest common divisor of 243 and 54?
27
What is the greatest common factor of 742 and 322?
14
What is the highest common factor of 460 and 7475?
115
What is the greatest common factor of 135 and 2505?
15
What is the highest common divisor of 2034 and 2?
2
Calculate the greatest common factor of 78264 and 24.
24
Calculate the highest common factor of 320 and 9408.
64
Calculate the greatest common factor of 40 and 760.
40
Calculate the highest common factor of 1088 and 170.
34
Calculate the highest common factor of 54 and 144.
18
What is the greatest common factor of 3333 and 77?
11
Calculate the greatest common divisor of 14268 and 580.
116
Calculate the highest common divisor of 65 and 230.
5
What is the greatest common divisor of 133 and 1748?
19
Calculate the greatest common factor of 2 and 253.
1
Calculate the greatest common divisor of 6825 and 637.
91
What is the highest common factor of 150 and 210?
30
What is the greatest common divisor of 14 and 22316?
14
What is the greatest common factor of 855 and 90?
45
Calculate the greatest common factor of 391 and 207.
23
Calculate the highest common factor of 88 and 2354.
22
Calculate the highest common divisor of 18 and 126.
18
Calculate the greatest common divisor of 66 and 8.
2
What is the greatest common factor of 186 and 310?
62
What is the greatest common divisor of 125 and 4775?
25
What is the greatest common factor of 4650 and 150?
150
Calculate the highest common factor of 3088 and 16.
16
What is the highest common divisor of 408 and 48?
24
What is the highest common divisor of 2120 and 440?
40
Calculate the greatest common factor of 104 and 88.
8
Calculate the highest common factor of 3267 and 198.
99
What is the greatest common factor of 176 and 33?
11
Calculate the greatest common factor of 38 and 1121.
19
What is the highest common factor of 31 and 1643?
31
What is the greatest common divisor of 28 and 42?
14
What is the highest common divisor of 150 and 12?
6
What is the highest common factor of 35 and 25?
5
What is the greatest common factor of 711 and 1106?
79
What is the highest common factor of 1850 and 550?
50
What is the greatest common factor of 10 and 710?
10
Calculate the highest common factor of 43 and 1376.
43
What is the highest common divisor of 399 and 777?
21
What is the greatest common divisor of 792 and 1080?
72
Calculate the greatest common divisor of 171 and 114.
57
Calculate the highest common factor of 42 and 182.
14
Calculate the highest common divisor of 688 and 32.
16
Calculate the highest common factor of 244 and 122.
122
What is the highest common divisor of 23 and 3197?
23
Calculate the highest common divisor of 54340 and 22.
22
What is the highest common factor of 567 and 7?
7
What is the highest common factor of 7140 and 224?
28
What is the highest common factor of 92 and 2875?
23
Calculate the greatest common factor of 1519 and 1085.
217
Calculate the greatest common factor of 3 and 15.
3
Calculate the greatest common divisor of 45 and 15.
15
Calculate the highest common factor of 9 and 7.
1
Calculate the greatest common factor of 108 and 2052.
108
What is the greatest common factor of 20106 and 18?
18
What is the greatest common factor of 1936 and 80?
16
Calculate the highest common factor of 243 and 1512.
27
Calculate the highest common factor of 896 and 14.
14
Calculate the highest common divisor of 21 and 3423.
21
What is the highest common factor of 54 and 279?
9
Calculate the highest common divisor of 144 and 234.
18
Calculate the highest common divisor of 29 and 261.
29
What is the greatest common factor of 30 and 430?
10
What is the greatest common factor of 20 and 2480?
20
Calculate the greatest common divisor of 54 and 135.
27
Calculate the highest common factor of 64 and 98.
2
Calculate the greatest common divisor of 5860 and 100.
20
Calculate the greatest common factor of 150 and 1875.
75
Calculate the greatest common factor of 1690 and 10.
10
Calculate the greatest common factor of 15 and 87.
3
What is the highest common divisor of 2 and 18?
2
Calculate the highest common factor of 354 and 590.
118
What is the greatest common divisor of 13 and 24037?
13
Calculate the highest common factor of 84 and 384.
12
Calculate the highest common factor of 65 and 7982.
13
What is the greatest common factor of 193 and 68129?
193
What is the highest common divisor of 34 and 36873?
17
What is the highest common divisor of 310 and 30?
10
What is the greatest common divisor of 676 and 20?
4
What is the highest common divisor of 36 and 132?
12
Calculate the highest common factor of 125 and 275.
25
What is the highest common factor of 66 and 3234?
66
Calculate the highest common factor of 1957 and 206.
103
What is the greatest common divisor of 1972 and 232?
116
Calculate the greatest common factor of 1184 and 224.
32
What is the greatest common divisor of 600 and 2600?
200
Calculate the highest common divisor of 2322 and 108.
54
Calculate the highest common divisor of 60097 and 19.
19
What is the greatest common divisor of 66 and 330?
66
Calculate the highest common divisor of 80 and 104.
8
Calculate the greatest common factor of 29 and 551.
29
What is the highest common factor of 403 and 124?
31
What is the greatest common divisor of 1 and 41?
1
Calculate the greatest common divisor of 2835 and 126.
63
Calculate the greatest common factor of 256 and 2432.
128
What is the greatest common factor of 2223 and 819?
117
Calculate the highest common factor of 45 and 120.
15
What is the greatest common divisor of 1170 and 65?
65
What is the greatest common factor of 280 and 168?
56
What is the highest common divisor of 3 and 3?
3
What is the highest common divisor of 628 and 36?
4
What is the greatest common factor of 1443 and 2664?
111
What is the highest common divisor of 88 and 6996?
44
Calculate the greatest common divisor of 11 and 33.
11
Calculate the highest common divisor of 10 and 120.
10
What is the greatest common divisor of 5133 and 531?
177
What is the highest common factor of 315 and 90?
45
Calculate the highest common factor of 1817 and 79.
79
Calculate the highest common divisor of 9152 and 440.
88
Calculate the greatest common divisor of 104 and 1027.
13
What is the greatest common divisor of 5058 and 90?
18
What is the highest common divisor of 64 and 28?
4
Calculate the highest common factor of 11346 and 915.
183
Calculate the highest common factor of 203 and 1334.
29
What is the greatest common factor of 20 and 108?
4
What is the greatest common factor of 1232 and 160?
16
What is the greatest common factor of 5 and 113?
1
What is the greatest common factor of 38 and 475?
19
What is the greatest co